ded by t(-12)?
7
Suppose 16*i = 161 + 175. Calculate the remainder when 960 is divided by i.
15
Let z(j) = j**3 - 114*j**2 + j + 97. Calculate the remainder when 446 is divided by z(114).
24
Suppose 6*a - 3*a + 4*j = 13, -3*a + 5*j + 4 = 0. Suppose a = -z + 11. Let s(u) = -u**3 + 8*u**2 + 3*u + 10. What is the remainder when s(z) is divided by 13?
8
Let z(a) = -55*a + 490. What is the remainder when z(7) is divided by 14?
7
Let x = 164 - 172. Calculate the remainder when ((-4)/x)/(((-9)/(-588))/3) is divided by (-3 + 1)*(2 - 16).
14
Let x(i) = 71*i**2 + 35*i + 33. What is the remainder when x(-1) is divided by 49?
20
Let t(f) = -242*f + 53. Let m be t(-2). Let a = m + -498. Calculate the remainder when 228 is divided by a.
33
Let d = -3111 + 3144. What is the remainder when 195 is divided by d?
30
Let k be (4/8*0)/(3/3). Suppose 7*t - 30 - 5 = k. Suppose -125 = -4*b - t. Calculate the remainder when 148 is divided by b.
28
What is the remainder when 724 is divided by 717/6 + (11 - 207/18)?
10
Calculate the remainder when 32 is divided by ((-35)/(-10))/(259/1628).
10
Let j(f) = 21*f**2 + 18*f - 10. What is the remainder when 448 is divided by j(-2)?
30
Let b(j) = 2*j**2 + 3*j - 10. Calculate the remainder when b(-7) is divided by (-4)/9 - 4816/(-387).
7
Let k(r) = r**2 + 4*r + 69. Let w(n) = n**2 - 4*n - 21. Let p be w(-3). What is the remainder when k(p) is divided by 37?
32
Suppose 1804 = -1023*g + 1012*g. Let t = 183 + g. Calculate the remainder when 143 is divided by t.
10
Let p(s) = 161*s**2 + 51*s + 33. Calculate the remainder when p(4) is divided by 128.
125
Suppose 88 = 3*c - 15*r + 17*r, 3*c - 4*r = 76. Calculate the remainder when 2920 is divided by c.
8
Calculate the remainder when 2766 is divided by ((-6)/4)/(183/(-122))*71.
68
Let b(h) = 9*h + 1. Let y be b(6). Suppose 2*i = i + 3*s, -5*i = -4*s - y. What is the remainder when ((-6732)/363)/(44/(-242)) is divided by i?
12
Suppose 3*i = y - 36, y + 5*i - 51 = -23. Calculate the remainder when y is divided by 23.
10
Let u = -7720 + 7736. Calculate the remainder when 414 is divided by u.
14
Calculate the remainder when (1846/(-4))/((-7)/(7 - -7)) is divided by 43.
20
Let k = -5236 - -5582. What is the remainder when k is divided by 64?
26
Suppose 5*u + 85536 = -25*u + 294*u. What is the remainder when u is divided by 41?
37
Let d(n) = -n + 24. Let y be (-2)/(-1) + -15*6/(-5). Let v be d(y). Suppose -v*f - 164 = -6*f. What is the remainder when f is divided by 6?
4
Suppose -55*p = -41*p - 224. Let o(y) = y**2 + 3*y - 28. Calculate the remainder when o(p) is divided by 70.
66
Suppose 3*t - 4784 = -4406. Let h be (37 + -3)/(1*-1). Let c = h + t. What is the remainder when c is divided by 47?
45
Let l = 7 - 5. Suppose -5*j + 244 = -4*a, -367 + 115 = -5*j + l*a. Let k = j + -5. What is the remainder when k is divided by 19?
9
Let u(c) = c**2 - 6*c - 5. Suppose 4*o + 2575 = -o + 5*z, 4*z - 2576 = 5*o. Calculate the remainder when u(12) is divided by 8/(-20) + o/(-15).
33
Suppose x - 12 = -2*o, o = -2*x + 82 - 61. Calculate the remainder when 76 is divided by x.
6
Suppose -4*i - 153 = 4*f - 657, -f + 123 = 4*i. Let o(b) = -2*b**3 - b**2 - b - 4. Calculate the remainder when f is divided by o(-3).
39
Suppose -4*r = -0*r - 20, -3*p - 3*r = -60. Let w = 53 + -137. What is the remainder when 1/((-7)/6)*w is divided by p?
12
Suppose 14*n - 38 = 4. Suppose -s - 125 = -n*x + s, x - 5*s - 59 = 0. What is the remainder when 231 is divided by x?
36
Let h = -612 + 544. Let x = 167 + -94. Let p = h + x. Calculate the remainder when 38 is divided by p.
3
Let s(b) = 3*b**2 + 9*b - 13. Let u be s(-8). Suppose -d + 47 = -u. Calculate the remainder when d is divided by 12.
10
Let v(y) = -y**3 - 8*y**2 - 45*y - 205. Calculate the remainder when v(-13) is divided by 11.
4
Let z = 8310 + -8192. Suppose 3*q - q + 118 = 0. Let g = q + z. Calculate the remainder when g is divided by 12.
11
What is the remainder when 1706 is divided by 10/(100/(-950)*1/((-6)/3))?
186
Suppose -4*x + 390 = 2*w, -4*w - 589 = -5*x + 8*w. Calculate the remainder when 8882 is divided by x.
95
Let c(q) = 27*q + 560. What is the remainder when c(-20) is divided by 7?
6
What is the remainder when (-1882)/(-6) + ((-49)/(-21))/7 is divided by 65?
54
Let c(m) = m**2 - m + 28. Let l(r) = -20651*r + 103382. What is the remainder when l(5) is divided by c(0)?
15
Suppose -u + 33 = f, f - 97 = -3*u - 4*f. Let r = 237 - 187. What is the remainder when u is divided by r/(-20) + (-92)/(-8)?
7
Calculate the remainder when -6*(-1 + 78/24 + (-3663)/108) is divided by 102.
88
Suppose 558 = 3*t - 14*q + 13*q, -3*q - 749 = -4*t. What is the remainder when t is divided by 62?
61
Let k = 73752 + -73560. Suppose -u + 261 = 3*u - i, 0 = 3*u + 4*i - 191. Calculate the remainder when k is divided by u.
62
Let h(x) = x**2 - 3*x + 1. Let q be h(-3). Let b = q - 15. Suppose 0 = 4*z - b*c - 60, 4 = z - 4*c - 5. Calculate the remainder when 151 is divided by z.
15
Let q = 51 - 49. Suppose -2*p - l + 1 = -q*l, 2 = -5*p - 2*l. Suppose -2*f + f + 5 = p. Calculate the remainder when 13 is divided by f.
3
Suppose 5 + 23 = 14*t. Suppose t*l = 18*l - 272. Calculate the remainder when 65 is divided by l.
14
Let n = -1173 - -1310. Suppose -4*s + 7*s - 5*r - 169 = 0, -2*s + r + 101 = 0. Calculate the remainder when n is divided by s.
41
Let a = 82 - -121. What is the remainder when a is divided by ((-1)/(-7) - 3476/(-1540))/((-138)/(-230))?
3
Let o = 240 + -506. Let n = 284 + o. Let r(z) = 3*z**2 + 5*z - 4. What is the remainder when r(-5) is divided by n?
10
What is the remainder when 14 - (-181516)/115 - (13/(-5) - -2) is divided by 177?
0
What is the remainder when (-2)/(-4)*(-33 - -413) is divided by 150?
40
Suppose 870*m - 867*m = 0, 5*c + 5*m - 3200 = 0. Calculate the remainder when c is divided by 126.
10
Let g = 184 + -63. Let q = 1024 - 1003. Calculate the remainder when g is divided by q.
16
Let l = -391 + 392. Calculate the remainder when ((-1)/10*4)/(l/(-55)) is divided by 4.
2
Suppose -25*q - 148*q = -28*q - 105705. Calculate the remainder when q is divided by 104.
1
Suppose 0 = -8*g + 2286 - 1422. Calculate the remainder when g is divided by 35.
3
Suppose -4*u + 4*r + 1 - 13 = 0, 3*u = r - 3. Suppose u = 19*p - 14*p - 1255. Calculate the remainder when p is divided by 28.
27
Suppose -4*y = 2*f - 18, f + 4*y + 4 - 5 = 0. Suppose -390 = 14*x - f*x. What is the remainder when x is divided by (1*2)/(4/66)?
31
Let m = 766 - 729. Suppose -g - 5*f = -145, -3*g + f + 389 = -46. What is the remainder when g is divided by m?
34
Calculate the remainder when 703 is divided by 193/3 + (-143)/429.
63
Suppose 492*l + 321 = 494*l - 3*p, -l = 3*p - 183. Calculate the remainder when l is divided by (-50)/(-1) - 2 - 2.
30
Suppose -3958 = -125*v + 9*v + 1262. Let b be (-310)/(-15)*1*3. Let u = -36 + b. What is the remainder when v is divided by u?
19
Suppose -3*j - j - 4*m = -228, 2*j = 3*m + 94. Let d = 179 + 400. What is the remainder when d is divided by j?
49
Let k(p) = -10*p - 35. Let u(w) = 7*w + 5. Let s be u(0). Let t be -4 + 1/(-6 + s). What is the remainder when 59 is divided by k(t)?
14
Let c(m) = 46*m + 1991. Calculate the remainder when c(13) is divided by 16.
13
Suppose 10*c - 2305 - 1875 = 0. Let p = c - 370. Suppose -x = -5*v + 32, -8 = 5*x - 23. What is the remainder when p is divided by v?
6
Suppose 5*f + 2*p - 11 = 0, 4*f - 8 = -5*p + 11. Let b(y) = 49*y - 8. What is the remainder when b(f) is divided by 23?
18
Calculate the remainder when (36/(-5))/((169/(-58305))/(1 - 0)) is divided by 83.
77
Let y = 10957 - 8763. What is the remainder when y is divided by 18?
16
Let h = 6363 + -6245. Calculate the remainder when h is divided by 51.
16
Let u(l) = -2698*l + 267161. Suppose 3*k - 2*f = 1024 + 1274, 4*k - 3064 = 5*f. Calculate the remainder when k is divided by u(99).
58
Suppose 1608 = 3*t - 261. Suppose -17*h + 1609 = t. Suppose 0 = -5*q + 4*m - m + 47, 4*q + 2*m - 42 = 0. What is the remainder when h is divided by q?
8
Let b(m) = 32*m + 36*m - 52*m + 19 - 2*m**2 + 0*m**2. What is the remainder when b(9) is divided by 1?
0
Calculate the remainder when (286 - 282)/(4/1227) is divided by 76.
11
Let g = 21 + -12. Suppose -1820 = -g*r + 1942. What is the remainder